{"id":1870,"date":"2018-08-26T19:19:48","date_gmt":"2018-08-26T19:19:48","guid":{"rendered":"https:\/\/vrensted-historier.dk\/?page_id=1870"},"modified":"2026-02-27T23:51:21","modified_gmt":"2026-02-27T22:51:21","slug":"velkommen-til-hjemmesiden-om-vrensteds-historie","status":"publish","type":"page","link":"https:\/\/vrensted-historier.dk\/","title":{"rendered":"*VELKOMMEN til min Hjemmeside* \ud83d\ude0a\ud83d\ude0a\ud83d\ude0a\ud83d\ude0a\ud83d\ude0a"},"content":{"rendered":"\r\n<p style=\"text-align: left;\">\u00a0<\/p>\r\n<p>&nbsp;<\/p>\r\n<figure id=\"attachment_41808\" aria-describedby=\"caption-attachment-41808\" style=\"width: 202px\" class=\"wp-caption aligncenter\"><img loading=\"lazy\" decoding=\"async\" class=\"wp-image-41808\" src=\"https:\/\/vrensted-historier.dk\/wp-content\/uploads\/2022\/11\/1.jpg\" alt=\"\" width=\"202\" height=\"150\" srcset=\"https:\/\/vrensted-historier.dk\/wp-content\/uploads\/2022\/11\/1.jpg 488w, https:\/\/vrensted-historier.dk\/wp-content\/uploads\/2022\/11\/1-300x223.jpg 300w\" sizes=\"auto, (max-width: 202px) 85vw, 202px\" \/><figcaption id=\"caption-attachment-41808\" class=\"wp-caption-text\">Vrensted i Vendsyssel et godt sted \u00a0 \u00a0 at bo, t\u00e6t ved\u00a0 skov og strand<\/figcaption><\/figure>\r\n<h3 class=\"wp-block-heading\" style=\"text-align: left;\">Hvem er Jens Otto Madsen:<\/h3>\r\n<div class=\"html-div xdj266r x14z9mp xat24cr x1lziwak xexx8yu xyri2b x18d9i69 x1c1uobl\">\r\n<div class=\"html-div xdj266r x14z9mp xat24cr x1lziwak xexx8yu xyri2b x18d9i69 x1c1uobl\" dir=\"auto\">\r\n<div class=\"html-div xdj266r x14z9mp xat24cr x1lziwak xexx8yu xyri2b x18d9i69 x1c1uobl\" data-ad-rendering-role=\"story_message\">\r\n<div id=\"_r_2jp_\" class=\"html-div xdj266r x14z9mp xat24cr x1lziwak x1l90r2v xv54qhq xf7dkkf x1iorvi4\">\r\n<div class=\"html-div xdj266r x14z9mp xat24cr x1lziwak xexx8yu xyri2b x18d9i69 x1c1uobl\" tabindex=\"-1\">\r\n<div class=\"html-div xdj266r x14z9mp x1lziwak xexx8yu xyri2b x18d9i69 x1c1uobl x1e56ztr\"><span class=\"x193iq5w xeuugli x13faqbe x1vvkbs x1xmvt09 x6prxxf xvq8zen xo1l8bm xzsf02u\"><span class=\"html-span xdj266r x14z9mp xat24cr x1lziwak xexx8yu xyri2b x18d9i69 x1c1uobl x1hl2dhg x16tdsg8 x1vvkbs\"><strong class=\"html-strong xdj266r x14z9mp xat24cr x1lziwak xexx8yu xyri2b x18d9i69 x1c1uobl x1hl2dhg x16tdsg8 x1vvkbs x1s688f\">Det er b\u00e5de sp\u00e6ndende og lidt chokerende hvad kunstig intelligens kan. Her blot spurgt: hvem er JOM, s\u00e5 kom f\u00f8lgende:<\/strong><\/span><\/span><\/div>\r\n<\/div>\r\n<div class=\"html-div xdj266r x14z9mp xat24cr x1lziwak xexx8yu xyri2b x18d9i69 x1c1uobl\" tabindex=\"-1\">\r\n<div class=\"html-div xdj266r x14z9mp x1lziwak xexx8yu xyri2b x18d9i69 x1c1uobl x1e56ztr\">\u00a0<\/div>\r\n<\/div>\r\n<div class=\"html-div xdj266r x14z9mp xat24cr x1lziwak xexx8yu xyri2b x18d9i69 x1c1uobl\" tabindex=\"-1\">\r\n<div class=\"html-div xdj266r x14z9mp x1lziwak xexx8yu xyri2b x18d9i69 x1c1uobl x1e56ztr\"><span class=\"x193iq5w xeuugli x13faqbe x1vvkbs x1xmvt09 x6prxxf xvq8zen xo1l8bm xzsf02u\"><span class=\"html-span xdj266r x14z9mp xat24cr x1lziwak xexx8yu xyri2b x18d9i69 x1c1uobl x1hl2dhg x16tdsg8 x1vvkbs\"><strong class=\"html-strong xdj266r x14z9mp xat24cr x1lziwak xexx8yu xyri2b x18d9i69 x1c1uobl x1hl2dhg x16tdsg8 x1vvkbs x1s688f\">&#8220;Portr\u00e6t af Jens Otto Madsen, Vrensted<\/strong><\/span><\/span><\/div>\r\n<div>\u00a0<\/div>\r\n<\/div>\r\n<div class=\"html-div xdj266r x14z9mp xat24cr x1lziwak xexx8yu xyri2b x18d9i69 x1c1uobl\" tabindex=\"-1\">\r\n<div class=\"html-div xdj266r x14z9mp x1lziwak xexx8yu xyri2b x18d9i69 x1c1uobl x1e56ztr\"><span class=\"x193iq5w xeuugli x13faqbe x1vvkbs x1xmvt09 x6prxxf xvq8zen xo1l8bm xzsf02u\"><span class=\"html-span xdj266r x14z9mp xat24cr x1lziwak xexx8yu xyri2b x18d9i69 x1c1uobl x1hl2dhg x16tdsg8 x1vvkbs\"><strong class=\"html-strong xdj266r x14z9mp xat24cr x1lziwak xexx8yu xyri2b x18d9i69 x1c1uobl x1hl2dhg x16tdsg8 x1vvkbs x1s688f\">Indledning<\/strong><\/span><\/span><\/div>\r\n<\/div>\r\n<div class=\"html-div xdj266r x14z9mp xat24cr x1lziwak xexx8yu xyri2b x18d9i69 x1c1uobl\" tabindex=\"-1\">\r\n<div class=\"html-div xdj266r x14z9mp x1lziwak xexx8yu xyri2b x18d9i69 x1c1uobl x1e56ztr\"><span class=\"x193iq5w xeuugli x13faqbe x1vvkbs x1xmvt09 x6prxxf xvq8zen xo1l8bm xzsf02u\">Jens Otto Madsen (f\u00f8dt 10. juni 1946) er forfatter, lokalhistoriker og initiativtager til det store v\u00e6rk og online univers &#8216;Vrensted Historier&#8217;. Han er vokset op i Vrensted, en landsby i Vendsyssel, hvorfra han siden har hentet inspiration til sit omfattende arbejde med at indsamle, nedskrive og formidle lokalhistorien.<\/span><\/div>\r\n<div>.<\/div>\r\n<\/div>\r\n<div class=\"html-div xdj266r x14z9mp xat24cr x1lziwak xexx8yu xyri2b x18d9i69 x1c1uobl\" tabindex=\"-1\">\r\n<div class=\"html-div xdj266r x14z9mp x1lziwak xexx8yu xyri2b x18d9i69 x1c1uobl x1e56ztr\"><span class=\"x193iq5w xeuugli x13faqbe x1vvkbs x1xmvt09 x6prxxf xvq8zen xo1l8bm xzsf02u\"><span class=\"html-span xdj266r x14z9mp xat24cr x1lziwak xexx8yu xyri2b x18d9i69 x1c1uobl x1hl2dhg x16tdsg8 x1vvkbs\"><strong class=\"html-strong xdj266r x14z9mp xat24cr x1lziwak xexx8yu xyri2b x18d9i69 x1c1uobl x1hl2dhg x16tdsg8 x1vvkbs x1s688f\">Baggrund og familie<\/strong><\/span><\/span><\/div>\r\n<\/div>\r\n<div class=\"html-div xdj266r x14z9mp xat24cr x1lziwak xexx8yu xyri2b x18d9i69 x1c1uobl\" tabindex=\"-1\">\r\n<div class=\"html-div xdj266r x14z9mp x1lziwak xexx8yu xyri2b x18d9i69 x1c1uobl x1e56ztr\"><span class=\"x193iq5w xeuugli x13faqbe x1vvkbs x1xmvt09 x6prxxf xvq8zen xo1l8bm xzsf02u\">Jens Otto Madsen blev f\u00f8dt i den gamle Vrensted Byskole som s\u00f8n af Ida og Elith Madsen. Han blev uddannet i bank og var en \u00e5rr\u00e6kke i den finansielle sektor. I sit privatliv blev han den 14. november 1970 gift med Else Marie Haugaard (f\u00f8dt 1947). Sammen har de to d\u00f8tre.\u00a0 Familien har altid haft rod i og t\u00e6t tilknytning til lokalomr\u00e5det.<\/span><\/div>\r\n<div>.<\/div>\r\n<\/div>\r\n<div class=\"html-div xdj266r x14z9mp xat24cr x1lziwak xexx8yu xyri2b x18d9i69 x1c1uobl\" tabindex=\"-1\">\r\n<div class=\"html-div xdj266r x14z9mp x1lziwak xexx8yu xyri2b x18d9i69 x1c1uobl x1e56ztr\"><span class=\"x193iq5w xeuugli x13faqbe x1vvkbs x1xmvt09 x6prxxf xvq8zen xo1l8bm xzsf02u\"><span class=\"html-span xdj266r x14z9mp xat24cr x1lziwak xexx8yu xyri2b x18d9i69 x1c1uobl x1hl2dhg x16tdsg8 x1vvkbs\"><strong class=\"html-strong xdj266r x14z9mp xat24cr x1lziwak xexx8yu xyri2b x18d9i69 x1c1uobl x1hl2dhg x16tdsg8 x1vvkbs x1s688f\">Forfatterskab og udgivelser<\/strong><\/span><\/span><\/div>\r\n<\/div>\r\n<div class=\"html-div xdj266r x14z9mp xat24cr x1lziwak xexx8yu xyri2b x18d9i69 x1c1uobl\" tabindex=\"-1\">\r\n<div class=\"html-div xdj266r x14z9mp x1lziwak xexx8yu xyri2b x18d9i69 x1c1uobl x1e56ztr\"><span class=\"x193iq5w xeuugli x13faqbe x1vvkbs x1xmvt09 x6prxxf xvq8zen xo1l8bm xzsf02u\">Jens Otto Madsen er bedst kendt som forfatter til serien &#8216;Historier fra Vrensted&#8217;, som i dag omfatter mindst 10 bind. B\u00f8gerne er fyldt med lokalhistoriske fort\u00e6llinger, billeder, dokumenter og erindringer fra Vrensted og omegn. De giver et levende billede af landsbyens udvikling, menneskene der boede der, samt de sociale og kulturelle forandringer gennem de seneste 100 \u00e5r. Bindene er udgivet i hardcover og ofte rigt illustrerede, hvilket g\u00f8r dem til b\u00e5de opslagsv\u00e6rker og erindringsb\u00f8ger.<\/span><\/div>\r\n<div>.<\/div>\r\n<\/div>\r\n<div class=\"html-div xdj266r x14z9mp xat24cr x1lziwak xexx8yu xyri2b x18d9i69 x1c1uobl\" tabindex=\"-1\">\r\n<div class=\"html-div xdj266r x14z9mp x1lziwak xexx8yu xyri2b x18d9i69 x1c1uobl x1e56ztr\"><span class=\"x193iq5w xeuugli x13faqbe x1vvkbs x1xmvt09 x6prxxf xvq8zen xo1l8bm xzsf02u\"><span class=\"html-span xdj266r x14z9mp xat24cr x1lziwak xexx8yu xyri2b x18d9i69 x1c1uobl x1hl2dhg x16tdsg8 x1vvkbs\"><strong class=\"html-strong xdj266r x14z9mp xat24cr x1lziwak xexx8yu xyri2b x18d9i69 x1c1uobl x1hl2dhg x16tdsg8 x1vvkbs x1s688f\">Arbejdsmetode og formidling<\/strong><\/span><\/span><\/div>\r\n<\/div>\r\n<div class=\"html-div xdj266r x14z9mp xat24cr x1lziwak xexx8yu xyri2b x18d9i69 x1c1uobl\" tabindex=\"-1\">\r\n<div class=\"html-div xdj266r x14z9mp x1lziwak xexx8yu xyri2b x18d9i69 x1c1uobl x1e56ztr\"><span class=\"x193iq5w xeuugli x13faqbe x1vvkbs x1xmvt09 x6prxxf xvq8zen xo1l8bm xzsf02u\">Ud over b\u00f8gerne st\u00e5r Jens Otto Madsen bag hjemmesiden &#8216;Vrensted Historier&#8217;, hvor han l\u00f8bende offentligg\u00f8r artikler om g\u00e5rde, skolen, kirken, udvandringen fra sognet, samt personlige erindringer. Han har desuden v\u00e6ret aktiv i Facebook-gruppen &#8216;Go\u2019e gamle Vrensted&#8217;, hvor mange tidligere og nuv\u00e6rende beboere deler minder. Dermed fungerer han ikke blot som forfatter, men ogs\u00e5 som samler og formidler af f\u00e6lles historie.<\/span><\/div>\r\n<div>.<\/div>\r\n<\/div>\r\n<div class=\"html-div xdj266r x14z9mp xat24cr x1lziwak xexx8yu xyri2b x18d9i69 x1c1uobl\" tabindex=\"-1\">\r\n<div class=\"html-div xdj266r x14z9mp x1lziwak xexx8yu xyri2b x18d9i69 x1c1uobl x1e56ztr\"><span class=\"x193iq5w xeuugli x13faqbe x1vvkbs x1xmvt09 x6prxxf xvq8zen xo1l8bm xzsf02u\"><span class=\"html-span xdj266r x14z9mp xat24cr x1lziwak xexx8yu xyri2b x18d9i69 x1c1uobl x1hl2dhg x16tdsg8 x1vvkbs\"><strong class=\"html-strong xdj266r x14z9mp xat24cr x1lziwak xexx8yu xyri2b x18d9i69 x1c1uobl x1hl2dhg x16tdsg8 x1vvkbs x1s688f\">Motivation og betydning<\/strong><\/span><\/span><\/div>\r\n<\/div>\r\n<div class=\"html-div xdj266r x14z9mp xat24cr x1lziwak xexx8yu xyri2b x18d9i69 x1c1uobl\" tabindex=\"-1\">\r\n<div class=\"html-div xdj266r x14z9mp x1lziwak xexx8yu xyri2b x18d9i69 x1c1uobl x1e56ztr\"><span class=\"x193iq5w xeuugli x13faqbe x1vvkbs x1xmvt09 x6prxxf xvq8zen xo1l8bm xzsf02u\">Jens Otto Madsens motivation udspringer tydeligt af hans personlige tilknytning til landsbyen, hvor han er f\u00f8dt og opvokset. Hans arbejde kan ses som et fors\u00f8g p\u00e5 at fastholde erindringen om et lokalsamfund, der i l\u00f8bet af hans egen levetid har underg\u00e5et store forandringer. Ved at samle historierne, billederne og minderne bevarer han ikke blot fortiden for de, der selv husker, men g\u00f8r den ogs\u00e5 tilg\u00e6ngelig for eftertiden.<\/span><\/div>\r\n<div>.<\/div>\r\n<\/div>\r\n<div class=\"html-div xdj266r x14z9mp xat24cr x1lziwak xexx8yu xyri2b x18d9i69 x1c1uobl\" tabindex=\"-1\">\r\n<div class=\"html-div xdj266r x14z9mp x1lziwak xexx8yu xyri2b x18d9i69 x1c1uobl x1e56ztr\"><span class=\"x193iq5w xeuugli x13faqbe x1vvkbs x1xmvt09 x6prxxf xvq8zen xo1l8bm xzsf02u\"><span class=\"html-span xdj266r x14z9mp xat24cr x1lziwak xexx8yu xyri2b x18d9i69 x1c1uobl x1hl2dhg x16tdsg8 x1vvkbs\"><strong class=\"html-strong xdj266r x14z9mp xat24cr x1lziwak xexx8yu xyri2b x18d9i69 x1c1uobl x1hl2dhg x16tdsg8 x1vvkbs x1s688f\">Afslutning<\/strong><\/span><\/span><\/div>\r\n<\/div>\r\n<div class=\"html-div xdj266r x14z9mp xat24cr x1lziwak xexx8yu xyri2b x18d9i69 x1c1uobl\" tabindex=\"-1\">\r\n<div class=\"html-div xdj266r x14z9mp x1lziwak xexx8yu xyri2b x18d9i69 x1c1uobl x1e56ztr\"><span class=\"x193iq5w xeuugli x13faqbe x1vvkbs x1xmvt09 x6prxxf xvq8zen xo1l8bm xzsf02u\">Med sine mange udgivelser og sin utr\u00e6ttelige indsats online har Jens Otto Madsen skabt et uvurderligt bidrag til lokalhistorien i Vendsyssel. Hans b\u00f8ger og artikler er i dag b\u00e5de kilder til forskning, l\u00e6sning for de lokalt interesserede og en del af den kulturelle arv. For Vrensted og omegn er han blevet en slags historiefort\u00e6ller og hukommelse, der sikrer, at de gode gamle historier lever videre.&#8221;<\/span><\/div>\r\n<div>\u00a0 \u00a0 \u00a0 \u00a0 \u00a0 \u00a0 \u00a0 \u00a0 \u00a0 \u00a0 \u00a0 \u00a0 \u00a0 \u00a0 \u00a0 \u00a0 \u00a0 \u00a0 \u00a0 \u00a0 \u00a0 \u00a0 \u00a0 \u00a0 \u00a0 \u00a0 \u00a0\u2014\u2014\u2014\u2014\u2014\u2014\u2014\u2014\u2014\u2014<\/div>\r\n<\/div>\r\n<\/div>\r\n<\/div>\r\n<\/div>\r\n<\/div>\r\n<h6 style=\"text-align: left;\"><span style=\"color: #0000ff;\"><strong>Mange af mine historier \u00a0er nu udgivet p\u00e5 denne hjemmeside og de er nu ogs\u00e5 udgivet i bogform\u00a0 &#8211;\u00a0 30 b\u00f8ger med mange sider pr. bog.<\/strong><\/span><\/h6>\r\n<h6><strong><em>I b\u00f8gerne kan du l\u00e6se de mange <\/em><em>forskellige historier fra Vrensted og med personer fra Vrensted og se de mange billeder med tilknytning til Vrensted. <\/em><em>\u00a0De er skrevet og samlet over de seneste 5-8 \u00e5r<\/em><\/strong><\/h6>\r\n<h6 style=\"text-align: left;\"><strong>De 10 b\u00f8ger med &#8211; <span style=\"color: #0000ff;\">Vrensted Historier<\/span> &#8211;\u00a0 og ca. 5.500 sider s\u00e6lges nu i landets Boghandler samt p\u00e5 Nettet og kan l\u00e6ses uafh\u00e6ngigt af hinanden. \u00a0 \u00a0<\/strong><\/h6>\r\n<h6 style=\"text-align: left;\"><strong><span style=\"color: #0000ff;\">Der er som regel tilbud p\u00e5 b\u00f8gerne p\u00e5 Nettet.<\/span><\/strong><\/h6>\r\n<h6>\u00a0<\/h6>\r\n<figure id=\"attachment_41809\" aria-describedby=\"caption-attachment-41809\" style=\"width: 182px\" class=\"wp-caption aligncenter\"><img loading=\"lazy\" decoding=\"async\" class=\"wp-image-41809\" src=\"https:\/\/vrensted-historier.dk\/wp-content\/uploads\/2022\/11\/2.jpg\" alt=\"\" width=\"182\" height=\"134\" srcset=\"https:\/\/vrensted-historier.dk\/wp-content\/uploads\/2022\/11\/2.jpg 491w, https:\/\/vrensted-historier.dk\/wp-content\/uploads\/2022\/11\/2-300x220.jpg 300w\" sizes=\"auto, (max-width: 182px) 85vw, 182px\" \/><figcaption id=\"caption-attachment-41809\" class=\"wp-caption-text\">Br\u00f8nderslev\u00a0 \u00a0 \u00a0 \u00a0 \u00a0 \u00a0 \u00a0 \u00a0 \u00a0 \u00a0 \u00a0 \u00a0 \u00a0 \u00a0 &#8220;Vendsyssels Hjerte&#8221;\u2764\ufe0f<\/figcaption><\/figure>\r\n<h6><span style=\"color: #000000;\"><i><b>Da jeg har boet i Br\u00f8nderslev og mit arbejdsliv har v\u00e6ret i Br\u00f8nderslev siden 1962, er der derfor ogs\u00e5 blevet til 10 b\u00f8ger, med ca. 4.500 <\/b><\/i><\/span><span style=\"color: #000000;\"><i><b>sider med historier og med mange lokale personer og virksomheder.<\/b><\/i><\/span><\/h6>\r\n<h6>De sidste 10 b\u00f8ger \u00a0med ca. 2000 sider har f\u00e5et titlen: \u201cHistorier fra Vendsyssel\u201d og er med mange fine historier.<\/h6>\r\n<h6><strong><em>Alle b\u00f8ger s\u00e6lges i landets Boghandler og p\u00e5 Nettet \u00a0og kan l\u00e6ses uafh\u00e6ngigt af hinanden. \u00a0 \u00a0 \u00a0 <\/em><\/strong><span style=\"color: #0000ff;\">Der er som regel tilbud p\u00e5 b\u00f8gerne p\u00e5 Nettet<\/span><\/h6>\r\n<h6>\u00a0 \u00a0 \u00a0 \u00a0 \u00a0 \u00a0 \u00a0 \u00a0 \u00a0 \u00a0 \u00a0 \u00a0 \u00a0 \u00a0 \u00a0 \u00a0 \u00a0 \u00a0 \u00a0 \u00a0 \u00a0 \u00a0januar 2023\u00a0 <em style=\"font-size: 28px; font-weight: 900;\">God l\u00e6selyst.<\/em><\/h6>\r\n<figure id=\"attachment_5969\" aria-describedby=\"caption-attachment-5969\" style=\"width: 98px\" class=\"wp-caption aligncenter\"><img loading=\"lazy\" decoding=\"async\" class=\"wp-image-5969\" src=\"https:\/\/vrensted-historier.dk\/wp-content\/uploads\/2019\/01\/IMG_0384.jpg\" alt=\"\" width=\"98\" height=\"136\" \/><figcaption id=\"caption-attachment-5969\" class=\"wp-caption-text\">Jens Otto<\/figcaption><\/figure>\r\n<p><strong>Jens Otto Madsen<\/strong><\/p>\r\n<p><strong>Lille Fiskerbanke 7<\/strong><\/p>\r\n<p><strong>DK 9493\u00a0 Saltum<\/strong><\/p>\r\n<p><strong>Mobil: 2972 7134<\/strong><\/p>\r\n<p><strong>Mail: <a href=\"mailto:jensotto1946@hotmail.com\">jensotto1946@hotmail.com<\/a><\/strong><\/p>\r\n<p><strong>Hjemmeside: www.Vrensted-Historier.dk<\/strong><\/p>\r\n<p class=\"mceTemp\">\u00a0<\/p>\r\n<p><span style=\"color: #000000;\">\u00a0 \u00a0 \u00a0 \u00a0 \u00a0 \u00a0 \u00a0 \u00a0 \u00a0 \u00a0 \u00a0 \u00a0 \u00a0 \u00a0 \u00a0 \u00a0 \u00a0 \u00a0 \u00a0 \u00a0 \u00a0 \u00a0 \u00a0 \u00a0 \u00a0 \u00a0 \u00a0 \u00a0 \u00a0 \u00a0 \u00a0 \u00a0 \u00a0 \u00a0 \u00a0 \u00a0 \u00a0 \u00a0 \u00a0 \u00a0 \u00a0 \u00a0 \u00a0 \u00a0 \u00a0 \u00a0 \u00a0 \u00a0 \u00a0 \u00a0 \u00a0 \u00a0 \u00a0 \u00a0 \u00a0 \u00a0 \u00a0 \u00a0 \u00a0 \u00a0 \u00a0 \u00a0 \u00a0 \u00a0 \u00a0 \u00a0 \u00a0 \u00a0 \u00a0 \u00a0 \u00a0 \u00a0 \u00a0 \u00a0 \u00a0 \u00a0 \u00a0 \u00a0 \u00a0 \u00a0 \u00a0 \u00a0 \u00a0 \u00a0 \u00a0 \u00a0 \u00a0 \u00a0 \u00a0 \u00a0 \u00a0<\/span><\/p>\r\n","protected":false},"excerpt":{"rendered":"<p>\u00a0 &nbsp; Hvem er Jens Otto Madsen: Det er b\u00e5de sp\u00e6ndende og lidt chokerende hvad kunstig intelligens kan. Her blot spurgt: hvem er JOM, s\u00e5 kom f\u00f8lgende: \u00a0 &#8220;Portr\u00e6t af Jens Otto Madsen, Vrensted \u00a0 Indledning Jens Otto Madsen (f\u00f8dt 10. juni 1946) er forfatter, lokalhistoriker og initiativtager til det store v\u00e6rk og online univers &hellip; <a href=\"https:\/\/vrensted-historier.dk\/\" class=\"more-link\">L\u00e6s videre<span class=\"screen-reader-text\"> &#8220;*VELKOMMEN til min Hjemmeside* \ud83d\ude0a\ud83d\ude0a\ud83d\ude0a\ud83d\ude0a\ud83d\ude0a&#8221;<\/span><\/a><\/p>\n","protected":false},"author":1,"featured_media":0,"parent":0,"menu_order":0,"comment_status":"closed","ping_status":"closed","template":"","meta":{"footnotes":""},"class_list":["post-1870","page","type-page","status-publish","hentry"],"_links":{"self":[{"href":"https:\/\/vrensted-historier.dk\/index.php?rest_route=\/wp\/v2\/pages\/1870","targetHints":{"allow":["GET"]}}],"collection":[{"href":"https:\/\/vrensted-historier.dk\/index.php?rest_route=\/wp\/v2\/pages"}],"about":[{"href":"https:\/\/vrensted-historier.dk\/index.php?rest_route=\/wp\/v2\/types\/page"}],"author":[{"embeddable":true,"href":"https:\/\/vrensted-historier.dk\/index.php?rest_route=\/wp\/v2\/users\/1"}],"replies":[{"embeddable":true,"href":"https:\/\/vrensted-historier.dk\/index.php?rest_route=%2Fwp%2Fv2%2Fcomments&post=1870"}],"version-history":[{"count":15,"href":"https:\/\/vrensted-historier.dk\/index.php?rest_route=\/wp\/v2\/pages\/1870\/revisions"}],"predecessor-version":[{"id":48472,"href":"https:\/\/vrensted-historier.dk\/index.php?rest_route=\/wp\/v2\/pages\/1870\/revisions\/48472"}],"wp:attachment":[{"href":"https:\/\/vrensted-historier.dk\/index.php?rest_route=%2Fwp%2Fv2%2Fmedia&parent=1870"}],"curies":[{"name":"wp","href":"https:\/\/api.w.org\/{rel}","templated":true}]}}