{"id":17551,"date":"2019-07-06T12:52:35","date_gmt":"2019-07-06T12:52:35","guid":{"rendered":"https:\/\/vrensted-historier.dk\/?page_id=17551"},"modified":"2023-02-28T08:40:48","modified_gmt":"2023-02-28T07:40:48","slug":"smaa-anekdoter-fra-vrensted","status":"publish","type":"page","link":"https:\/\/vrensted-historier.dk\/?page_id=17551","title":{"rendered":"Sm\u00e5 Anekdoter fra Vrensted"},"content":{"rendered":"<h3><a href=\"https:\/\/vrensted-historier.dk\/anekdoter-hoert-og-fortalt-i-vrensted\/\">\u00a0<\/a>Klik p\u00e5 link for at l\u00e6se:<\/h3>\n<ul>\n<li><a href=\"https:\/\/vrensted-historier.dk\/anekdoter-hoert-og-fortalt-i-vrensted\/\">Sm\u00e5 Anekdoter fra Vrensted m.m.<\/a><\/li>\n<\/ul>\n<figure id=\"attachment_17069\" aria-describedby=\"caption-attachment-17069\" style=\"width: 500px\" class=\"wp-caption alignnone\"><img loading=\"lazy\" decoding=\"async\" class=\"wp-image-17069 size-full\" src=\"https:\/\/vrensted-historier.dk\/wp-content\/uploads\/2019\/07\/208-10.jpg\" alt=\"\" width=\"500\" height=\"333\" srcset=\"https:\/\/vrensted-historier.dk\/wp-content\/uploads\/2019\/07\/208-10.jpg 500w, https:\/\/vrensted-historier.dk\/wp-content\/uploads\/2019\/07\/208-10-300x200.jpg 300w\" sizes=\"auto, (max-width: 500px) 85vw, 500px\" \/><figcaption id=\"caption-attachment-17069\" class=\"wp-caption-text\">Vrensted en by med f\u00e6llesskab &#8211; Et godt sted at bo<\/figcaption><\/figure>\n<p>&nbsp;<\/p>\n<p>&nbsp;<\/p>\n<p>&nbsp;<\/p>\n<p>&nbsp;<\/p>\n<p>&nbsp;<\/p>\n","protected":false},"excerpt":{"rendered":"<p>\u00a0Klik p\u00e5 link for at l\u00e6se: Sm\u00e5 Anekdoter fra Vrensted m.m. &nbsp; &nbsp; &nbsp; &nbsp; &nbsp;<\/p>\n","protected":false},"author":1,"featured_media":0,"parent":0,"menu_order":0,"comment_status":"closed","ping_status":"closed","template":"","meta":{"footnotes":""},"class_list":["post-17551","page","type-page","status-publish","hentry"],"_links":{"self":[{"href":"https:\/\/vrensted-historier.dk\/index.php?rest_route=\/wp\/v2\/pages\/17551","targetHints":{"allow":["GET"]}}],"collection":[{"href":"https:\/\/vrensted-historier.dk\/index.php?rest_route=\/wp\/v2\/pages"}],"about":[{"href":"https:\/\/vrensted-historier.dk\/index.php?rest_route=\/wp\/v2\/types\/page"}],"author":[{"embeddable":true,"href":"https:\/\/vrensted-historier.dk\/index.php?rest_route=\/wp\/v2\/users\/1"}],"replies":[{"embeddable":true,"href":"https:\/\/vrensted-historier.dk\/index.php?rest_route=%2Fwp%2Fv2%2Fcomments&post=17551"}],"version-history":[{"count":9,"href":"https:\/\/vrensted-historier.dk\/index.php?rest_route=\/wp\/v2\/pages\/17551\/revisions"}],"predecessor-version":[{"id":33550,"href":"https:\/\/vrensted-historier.dk\/index.php?rest_route=\/wp\/v2\/pages\/17551\/revisions\/33550"}],"wp:attachment":[{"href":"https:\/\/vrensted-historier.dk\/index.php?rest_route=%2Fwp%2Fv2%2Fmedia&parent=17551"}],"curies":[{"name":"wp","href":"https:\/\/api.w.org\/{rel}","templated":true}]}}