{"id":1585,"date":"2018-08-19T14:43:10","date_gmt":"2018-08-19T14:43:10","guid":{"rendered":"http:\/\/vrensted-historier.dk\/?page_id=1585"},"modified":"2023-02-28T16:22:21","modified_gmt":"2023-02-28T15:22:21","slug":"min-hjemmeside","status":"publish","type":"page","link":"https:\/\/vrensted-historier.dk\/?page_id=1585","title":{"rendered":"**Min billedpolitik"},"content":{"rendered":"<h6><strong>Hjemmesiden &#8211; www.Vrensted-Historier.dk -om Vrensteds historie m.m.<\/strong><\/h6>\n<p>&nbsp;<\/p>\n<p><strong>I mine historier findes mange billeder, noter, referater og andet af historisk v\u00e6rdi, som jeg har fundet mange steder p\u00e5 nettet, fra aviser,\u00a0 har\u00a0 modtaget fra private personer m.m..<\/strong><\/p>\n<p><strong>Da jeg ikke har mulighed for at kontrollere alt modtaget materialer, vil det materiale blive offentliggjort, men med den selvkritik\u00a0 jeg f\u00f8ler for materialet, og med den viden jeg har om offentlighed, som jeg besidder.<\/strong><\/p>\n<p><strong>Er der nogle der f\u00f8ler, at de har nogle rettigheder til mit materiale, og som er blevet offentliggjort p\u00e5 et forkert grundlag, skal de rette henvendelse til\u00a0 undertegnede p\u00e5 min mail adresse som er: jensotto1946@hotmail.com<\/strong><\/p>\n<p><strong>Jeg vil i hvert enkelt tilf\u00e6lde tage det til efterretning, og tage det af\u00a0 hjemmesiden.<\/strong><\/p>\n<p><strong>Med venlig hilsen<\/strong><\/p>\n<p><strong>Jens Otto Madsen<\/strong><\/p>\n<h6><span style=\"font-size: 1rem;\">Klik p\u00e5 nedenn\u00e6vnte punkter hvis du \u00f8nsker at l\u00e6se<\/span><\/h6>\n<ul>\n<li><\/li>\n<li><strong><a href=\"http:\/\/vrensted-historier.dk\/?p=593\">Login<\/a><\/strong><\/li>\n<\/ul>\n<figure id=\"attachment_2021\" aria-describedby=\"caption-attachment-2021\" style=\"width: 300px\" class=\"wp-caption alignleft\"><img loading=\"lazy\" decoding=\"async\" class=\"wp-image-2021 size-medium\" src=\"https:\/\/vrensted-historier.dk\/wp-content\/uploads\/2018\/08\/IMG_0944-300x224.jpg\" alt=\"\" width=\"300\" height=\"224\" srcset=\"https:\/\/vrensted-historier.dk\/wp-content\/uploads\/2018\/08\/IMG_0944-300x224.jpg 300w, https:\/\/vrensted-historier.dk\/wp-content\/uploads\/2018\/08\/IMG_0944-768x574.jpg 768w, https:\/\/vrensted-historier.dk\/wp-content\/uploads\/2018\/08\/IMG_0944-1024x765.jpg 1024w\" sizes=\"auto, (max-width: 300px) 85vw, 300px\" \/><figcaption id=\"caption-attachment-2021\" class=\"wp-caption-text\">Vrensted kirke &#8220;Sct. Th\u00f8ger&#8221; Foto fra 2018<\/figcaption><\/figure>\n<figure id=\"attachment_1601\" aria-describedby=\"caption-attachment-1601\" style=\"width: 353px\" class=\"wp-caption alignright\"><img loading=\"lazy\" decoding=\"async\" class=\"wp-image-1601 \" src=\"https:\/\/vrensted-historier.dk\/wp-content\/uploads\/2018\/08\/IMG_0362-2-300x200.jpg\" alt=\"\" width=\"353\" height=\"235\" srcset=\"https:\/\/vrensted-historier.dk\/wp-content\/uploads\/2018\/08\/IMG_0362-2-300x200.jpg 300w, https:\/\/vrensted-historier.dk\/wp-content\/uploads\/2018\/08\/IMG_0362-2.jpg 500w\" sizes=\"auto, (max-width: 353px) 85vw, 353px\" \/><figcaption id=\"caption-attachment-1601\" class=\"wp-caption-text\">Vrensted by &#8211; et godt sted at bo, t\u00e6t ved skov og strand\u00a0 \u00a0foto fra ca. 2012<\/figcaption><\/figure>\n","protected":false},"excerpt":{"rendered":"<p>Hjemmesiden &#8211; www.Vrensted-Historier.dk -om Vrensteds historie m.m. &nbsp; I mine historier findes mange billeder, noter, referater og andet af historisk v\u00e6rdi, som jeg har fundet mange steder p\u00e5 nettet, fra aviser,\u00a0 har\u00a0 modtaget fra private personer m.m.. Da jeg ikke har mulighed for at kontrollere alt modtaget materialer, vil det materiale blive offentliggjort, men med &hellip; <a href=\"https:\/\/vrensted-historier.dk\/?page_id=1585\" class=\"more-link\">L\u00e6s videre<span class=\"screen-reader-text\"> &#8220;**Min billedpolitik&#8221;<\/span><\/a><\/p>\n","protected":false},"author":1,"featured_media":0,"parent":0,"menu_order":0,"comment_status":"closed","ping_status":"closed","template":"","meta":{"footnotes":""},"class_list":["post-1585","page","type-page","status-publish","hentry"],"_links":{"self":[{"href":"https:\/\/vrensted-historier.dk\/index.php?rest_route=\/wp\/v2\/pages\/1585","targetHints":{"allow":["GET"]}}],"collection":[{"href":"https:\/\/vrensted-historier.dk\/index.php?rest_route=\/wp\/v2\/pages"}],"about":[{"href":"https:\/\/vrensted-historier.dk\/index.php?rest_route=\/wp\/v2\/types\/page"}],"author":[{"embeddable":true,"href":"https:\/\/vrensted-historier.dk\/index.php?rest_route=\/wp\/v2\/users\/1"}],"replies":[{"embeddable":true,"href":"https:\/\/vrensted-historier.dk\/index.php?rest_route=%2Fwp%2Fv2%2Fcomments&post=1585"}],"version-history":[{"count":51,"href":"https:\/\/vrensted-historier.dk\/index.php?rest_route=\/wp\/v2\/pages\/1585\/revisions"}],"predecessor-version":[{"id":43440,"href":"https:\/\/vrensted-historier.dk\/index.php?rest_route=\/wp\/v2\/pages\/1585\/revisions\/43440"}],"wp:attachment":[{"href":"https:\/\/vrensted-historier.dk\/index.php?rest_route=%2Fwp%2Fv2%2Fmedia&parent=1585"}],"curies":[{"name":"wp","href":"https:\/\/api.w.org\/{rel}","templated":true}]}}