{"id":1412,"date":"2018-08-18T08:47:00","date_gmt":"2018-08-18T08:47:00","guid":{"rendered":"http:\/\/vrensted-historier.dk\/?page_id=1412"},"modified":"2023-02-28T08:43:06","modified_gmt":"2023-02-28T07:43:06","slug":"sagfoerer-anders-olesen","status":"publish","type":"page","link":"https:\/\/vrensted-historier.dk\/?page_id=1412","title":{"rendered":"Sagf\u00f8rer Anders Olesen"},"content":{"rendered":"<p><img loading=\"lazy\" decoding=\"async\" class=\"wp-image-1663 size-medium\" src=\"https:\/\/vrensted-historier.dk\/wp-content\/uploads\/2018\/08\/IMG_0457-1-256x300.jpg\" alt=\"\" width=\"256\" height=\"300\" srcset=\"https:\/\/vrensted-historier.dk\/wp-content\/uploads\/2018\/08\/IMG_0457-1-256x300.jpg 256w, https:\/\/vrensted-historier.dk\/wp-content\/uploads\/2018\/08\/IMG_0457-1.jpg 499w\" sizes=\"auto, (max-width: 256px) 85vw, 256px\" \/><\/p>\n<div class=\"mceTemp\">\n<ul id=\"attachment_1663\" class=\"wp-caption alignleft\" style=\"width: 256px;\">Sagf\u00f8rer Anders Olesen, f\u00f8dt i Vrensted f.1854 d. 1929<\/ul>\n<\/div>\n<p>&nbsp;<\/p>\n<h6>Klik p\u00e5 den historie du \u00f8nsker at l\u00e6se<\/h6>\n<ul>\n<li><strong><a href=\"http:\/\/vrensted-historier.dk\/?p=466\">Sagf\u00f8rer Anders Olesen og hans betydning for Vrensted<\/a><\/strong><\/li>\n<li><strong><a href=\"http:\/\/vrensted-historier.dk\/?p=462\">Sagf\u00f8rer Anders Olesen, hvordan var han som person<\/a><\/strong><\/li>\n<li><a href=\"https:\/\/vrensted-historier.dk\/sagfoerer-anders-olesen-hammer-bakker-et-mindeskrift\/jensotto\/\">Sagf\u00f8rer Anders Olesen \u2013 Hammer Bakker et mindeskrift<\/a><\/li>\n<li><strong><a href=\"https:\/\/vrensted-historier.dk\/ane-maries-huss-historie\/\">Ane Maries Hus &#8211; historien om<\/a><\/strong><\/li>\n<li><strong><a href=\"http:\/\/vrensted-historier.dk\/?p=478\">Ane Maries Hus og andre ejendomme i Vrensted og <\/a><\/strong><\/li>\n<li><strong><a href=\"http:\/\/vrensted-historier.dk\/?p=478\">Vodskov<\/a><\/strong><\/li>\n<li><strong><a href=\"https:\/\/vrensted-historier.dk\/kirkemarken-i-vrensted-taenkt-som-landbrugsskole\/\">&#8220;Kirkemarken&#8221; i Vrensted, t\u00e6nkt som\u00a0 Landbrugsskole<\/a><\/strong><\/li>\n<li><strong><a href=\"https:\/\/vrensted-historier.dk\/?p=3141\">Ane Maries Hus &#8211; Et tilflugtssted for gamle og ensomme<\/a><\/strong><\/li>\n<li><strong><a href=\"https:\/\/vrensted-historier.dk\/vrensted-sognebibliotek\/\">Vrensted Sognebibliotets historie<\/a><\/strong><\/li>\n<li><strong><a href=\"http:\/\/vrensted-historier.dk\/?p=472\">Anders Olesen og kunstnerne i Hammer Bakker<\/a><\/strong><\/li>\n<li><strong><a href=\"http:\/\/vrensted-historier.dk\/?p=476\">Anders Olesen og kunstnerne i Vrensted<\/a><\/strong><\/li>\n<li><a href=\"https:\/\/vrensted-historier.dk\/sagfoerer-anders-olesen-hammer-bakker-et-mindeskrift\/jensotto\/\">Sagf\u00f8rer Anders Olesen \u2013 Hammer Bakker et mindeskrift<\/a><\/li>\n<li><strong><a href=\"http:\/\/vrensted-historier.dk\/?p=474\">Sagf\u00f8rer Anders Olesen &#8211; medieomtale i 1920 erne<\/a><\/strong><\/li>\n<li><strong><a href=\"http:\/\/vrensted-historier.dk\/?p=464\">Sagf\u00f8rer Anders Olesen &#8211; TESTAMENTET<\/a><\/strong><\/li>\n<li><strong><a href=\"http:\/\/vrensted-historier.dk\/?p=480\">Sagf\u00f8rer Anders Olesens Aner<\/a><\/strong><\/li>\n<li>Klik ogs\u00e5 p\u00e5 nedenst\u00e5ende link:<\/li>\n<\/ul>\n<blockquote class=\"wp-embedded-content\" data-secret=\"0RseYQeJYx\"><p><a href=\"https:\/\/vrensted-historier.dk\/ane-maries-huss-historie\/\">Ane Maries Hus-historier om<\/a><\/p><\/blockquote>\n<p><iframe loading=\"lazy\" class=\"wp-embedded-content\" sandbox=\"allow-scripts\" security=\"restricted\" style=\"position: absolute; clip: rect(1px, 1px, 1px, 1px);\" title=\"&#8220;Ane Maries Hus-historier om&#8221; &#8212; \" src=\"https:\/\/vrensted-historier.dk\/ane-maries-huss-historie\/embed\/#?secret=K2Ks1WlfjO#?secret=0RseYQeJYx\" data-secret=\"0RseYQeJYx\" width=\"600\" height=\"338\" frameborder=\"0\" marginwidth=\"0\" marginheight=\"0\" scrolling=\"no\"><\/iframe><\/p>\n","protected":false},"excerpt":{"rendered":"<p>Sagf\u00f8rer Anders Olesen, f\u00f8dt i Vrensted f.1854 d. 1929 &nbsp; Klik p\u00e5 den historie du \u00f8nsker at l\u00e6se Sagf\u00f8rer Anders Olesen og hans betydning for Vrensted Sagf\u00f8rer Anders Olesen, hvordan var han som person Sagf\u00f8rer Anders Olesen \u2013 Hammer Bakker et mindeskrift Ane Maries Hus &#8211; historien om Ane Maries Hus og andre ejendomme i &hellip; <a href=\"https:\/\/vrensted-historier.dk\/?page_id=1412\" class=\"more-link\">L\u00e6s videre<span class=\"screen-reader-text\"> &#8220;Sagf\u00f8rer Anders Olesen&#8221;<\/span><\/a><\/p>\n","protected":false},"author":1,"featured_media":0,"parent":0,"menu_order":0,"comment_status":"closed","ping_status":"closed","template":"","meta":{"footnotes":""},"class_list":["post-1412","page","type-page","status-publish","hentry"],"_links":{"self":[{"href":"https:\/\/vrensted-historier.dk\/index.php?rest_route=\/wp\/v2\/pages\/1412","targetHints":{"allow":["GET"]}}],"collection":[{"href":"https:\/\/vrensted-historier.dk\/index.php?rest_route=\/wp\/v2\/pages"}],"about":[{"href":"https:\/\/vrensted-historier.dk\/index.php?rest_route=\/wp\/v2\/types\/page"}],"author":[{"embeddable":true,"href":"https:\/\/vrensted-historier.dk\/index.php?rest_route=\/wp\/v2\/users\/1"}],"replies":[{"embeddable":true,"href":"https:\/\/vrensted-historier.dk\/index.php?rest_route=%2Fwp%2Fv2%2Fcomments&post=1412"}],"version-history":[{"count":56,"href":"https:\/\/vrensted-historier.dk\/index.php?rest_route=\/wp\/v2\/pages\/1412\/revisions"}],"predecessor-version":[{"id":42433,"href":"https:\/\/vrensted-historier.dk\/index.php?rest_route=\/wp\/v2\/pages\/1412\/revisions\/42433"}],"wp:attachment":[{"href":"https:\/\/vrensted-historier.dk\/index.php?rest_route=%2Fwp%2Fv2%2Fmedia&parent=1412"}],"curies":[{"name":"wp","href":"https:\/\/api.w.org\/{rel}","templated":true}]}}