{"id":1352,"date":"2018-08-18T06:51:14","date_gmt":"2018-08-18T06:51:14","guid":{"rendered":"http:\/\/vrensted-historier.dk\/?page_id=1352"},"modified":"2023-02-28T08:41:36","modified_gmt":"2023-02-28T07:41:36","slug":"om-vrensted","status":"publish","type":"page","link":"https:\/\/vrensted-historier.dk\/?page_id=1352","title":{"rendered":"Om Vrensted"},"content":{"rendered":"<figure id=\"attachment_35089\" aria-describedby=\"caption-attachment-35089\" style=\"width: 389px\" class=\"wp-caption aligncenter\"><img loading=\"lazy\" decoding=\"async\" class=\"wp-image-35089\" src=\"https:\/\/vrensted-historier.dk\/wp-content\/uploads\/2022\/03\/Vrensted-by-billede-600x405.png\" alt=\"\" width=\"389\" height=\"263\" srcset=\"https:\/\/vrensted-historier.dk\/wp-content\/uploads\/2022\/03\/Vrensted-by-billede-600x405.png 600w, https:\/\/vrensted-historier.dk\/wp-content\/uploads\/2022\/03\/Vrensted-by-billede-300x202.png 300w, https:\/\/vrensted-historier.dk\/wp-content\/uploads\/2022\/03\/Vrensted-by-billede.png 646w\" sizes=\"auto, (max-width: 389px) 85vw, 389px\" \/><figcaption id=\"caption-attachment-35089\" class=\"wp-caption-text\">Vrensted i Vendsyssel\u00a0 \u00a0 \u00a0 \u00a0 \u00a0 \u00a0 \u00a0 \u00a0 \u00a0 \u00a0 \u00a0 \u00a0 \u00a0 \u00a0 \u00a0 \u00a0 \u00a0 \u00a0 \u00a0 \u00a0 \u00a0 \u00a0 \u00a0 \u00a0 \u00a0 \u00a0 \u00a0 \u00a0 \u00a0 \u00a0 \u00a0 \u00a0 \u00a0 \u00a0 et godt sted at bo,\u00a0 t\u00e6t ved skov og strand<\/figcaption><\/figure>\n<h6>Vrensted sogn omkranses af sognene, L\u00f8kken- Furreby sogn, B\u00f8rglum sogn, Stenum sogn, Thise sogn og Ingstrup Sogn<sup id=\"cite_ref-1\" class=\"reference\"><\/sup><\/h6>\n<pre><b><em>VRENSTEDS HISTORIE,\u00a0\u00a0KLIK P\u00c5 LINK NEDENFOR:<\/em>\r\n\r\n<em>BYENS STORE TR\u00c6ER ER EN KONTRAST TIL DET OMGIVENDE \u00c5BNE LAND OG BYEN FREMTR\u00c6DER MARKANT I LANDSKABET.<\/em>\r\n\r\n<em>\u00a0VRENSTED HAR 310 INDBYGGERE (01.01.2019). HER ER GODE BUSFORBINDELSER TIL B\u00c5DE L\u00d8KKEN OG BR\u00d8NDERSLEV.\u00a0<\/em>\r\n\r\n<em> \u00a0I VRENSTED FINDES DAGLIGVAREHANDEL, ET STORT L\u00c6GEHUS OG ET AKTIVT OG BREDT FORENINGSLIV MED BLANDT ANDET, BORGERFORENING, IDR\u00c6TSFORENING, JAGTFORENING, RIDEKLUB, PENSIONISTFORENING, KULTURFORENING, LOKAL- OG SL\u00c6GTSHISTORISK FORENING, AKTIVITETSCENTER, LOKALBLAD OG HJEMMESIDE.<\/em><\/b><\/pre>\n<ul>\n<li><a href=\"https:\/\/vrensted-historier.dk\/vrensted-2019\/\"><b>Vrensted 2019<\/b><\/a><\/li>\n<li><a href=\"https:\/\/vrensted-historier.dk\/om-vrensted-fortaelles-der\/\"><b>Om Vrensted &#8211; fort\u00e6lles der<\/b><\/a><\/li>\n<li><em><a href=\"http:\/\/vrensted-historier.dk\/?p=31\"><b>&#8220;Fortebyen&#8221; i Vrensted<\/b><\/a><\/em><\/li>\n<li><em><a href=\"http:\/\/vrensted-historier.dk\/?p=299\"><b>Stednavnet &#8220;Vrensted&#8221;<\/b><\/a><\/em><\/li>\n<li><em><a href=\"http:\/\/vrensted-historier.dk\/?p=274\"><b>Vort Sogns historie<\/b><\/a><\/em><\/li>\n<li><em><a href=\"http:\/\/vrensted-historier.dk\/?p=39\"><b>Veje\/gader i Vrensted<\/b><\/a><\/em><\/li>\n<li><em><a href=\"http:\/\/vrensted-historier.dk\/?p=36&amp;preview=true\"><b>Vrensted sogn, stednavne<\/b><\/a><\/em><\/li>\n<\/ul>\n<p><img loading=\"lazy\" decoding=\"async\" class=\"wp-image-41808\" style=\"font-weight: bold; background-color: transparent; text-align: inherit;\" src=\"https:\/\/vrensted-historier.dk\/wp-content\/uploads\/2022\/11\/1.jpg\" alt=\"\" width=\"192\" height=\"143\" srcset=\"https:\/\/vrensted-historier.dk\/wp-content\/uploads\/2022\/11\/1.jpg 488w, https:\/\/vrensted-historier.dk\/wp-content\/uploads\/2022\/11\/1-300x223.jpg 300w\" sizes=\"auto, (max-width: 192px) 85vw, 192px\" \/><\/p>\n<p><span style=\"background-color: transparent; text-align: inherit;\">Beliggende midt i Vendsyssel t\u00e6t ved skov og strand. Vrensted er en by i det vestlige Vendsyssel med 310 indbyggere (2019), beliggende 6 km syd\u00f8st for L\u00f8kken, 14 km nordvest for Br\u00f8nderslev og 24 km sydvest for Hj\u00f8rring. 4 km nord for Vrensted ligger B\u00f8rglum Kloster. Byen h\u00f8rer til Hj\u00f8rring Kommune og ligger i Region Nordjylland.<\/span><\/p>\n<p style=\"text-align: left;\"><img loading=\"lazy\" decoding=\"async\" class=\"wp-image-4427 aligncenter\" style=\"font-weight: bold; background-color: transparent; text-align: inherit;\" src=\"https:\/\/vrensted-historier.dk\/wp-content\/uploads\/2018\/12\/IMG_3610-203x300.jpg\" alt=\"\" width=\"188\" height=\"278\" srcset=\"https:\/\/vrensted-historier.dk\/wp-content\/uploads\/2018\/12\/IMG_3610-203x300.jpg 203w, https:\/\/vrensted-historier.dk\/wp-content\/uploads\/2018\/12\/IMG_3610.jpg 612w\" sizes=\"auto, (max-width: 188px) 85vw, 188px\" \/> Omr\u00e5det mellem B\u00f8rglum Kloster og Limfjorden med angivelse af middelalderlige lokaliteter ved Ry\u00e5 og Ingstrup S\u00f8. F\u00f8r i tiden var Store Vildmose et n\u00e6sten ufremkommeligt omr\u00e5de, derfor fik Ry\u00e5 en s\u00e6rdeles stor betydning for varetransport til og fra VestVendsyssel og Vrensted omr\u00e5det ved Ingstrup S\u00f8<\/p>\n<p><b>\u00a0<\/b><\/p>\n<p><b>\u00a0<\/b><\/p>\n<p>&nbsp;<\/p>\n","protected":false},"excerpt":{"rendered":"<p>Vrensted sogn omkranses af sognene, L\u00f8kken- Furreby sogn, B\u00f8rglum sogn, Stenum sogn, Thise sogn og Ingstrup Sogn VRENSTEDS HISTORIE,\u00a0\u00a0KLIK P\u00c5 LINK NEDENFOR: BYENS STORE TR\u00c6ER ER EN KONTRAST TIL DET OMGIVENDE \u00c5BNE LAND OG BYEN FREMTR\u00c6DER MARKANT I LANDSKABET. \u00a0VRENSTED HAR 310 INDBYGGERE (01.01.2019). HER ER GODE BUSFORBINDELSER TIL B\u00c5DE L\u00d8KKEN OG BR\u00d8NDERSLEV.\u00a0 \u00a0I VRENSTED &hellip; <a href=\"https:\/\/vrensted-historier.dk\/?page_id=1352\" class=\"more-link\">L\u00e6s videre<span class=\"screen-reader-text\"> &#8220;Om Vrensted&#8221;<\/span><\/a><\/p>\n","protected":false},"author":1,"featured_media":0,"parent":0,"menu_order":0,"comment_status":"closed","ping_status":"closed","template":"","meta":{"footnotes":""},"class_list":["post-1352","page","type-page","status-publish","hentry"],"_links":{"self":[{"href":"https:\/\/vrensted-historier.dk\/index.php?rest_route=\/wp\/v2\/pages\/1352","targetHints":{"allow":["GET"]}}],"collection":[{"href":"https:\/\/vrensted-historier.dk\/index.php?rest_route=\/wp\/v2\/pages"}],"about":[{"href":"https:\/\/vrensted-historier.dk\/index.php?rest_route=\/wp\/v2\/types\/page"}],"author":[{"embeddable":true,"href":"https:\/\/vrensted-historier.dk\/index.php?rest_route=\/wp\/v2\/users\/1"}],"replies":[{"embeddable":true,"href":"https:\/\/vrensted-historier.dk\/index.php?rest_route=%2Fwp%2Fv2%2Fcomments&post=1352"}],"version-history":[{"count":87,"href":"https:\/\/vrensted-historier.dk\/index.php?rest_route=\/wp\/v2\/pages\/1352\/revisions"}],"predecessor-version":[{"id":43023,"href":"https:\/\/vrensted-historier.dk\/index.php?rest_route=\/wp\/v2\/pages\/1352\/revisions\/43023"}],"wp:attachment":[{"href":"https:\/\/vrensted-historier.dk\/index.php?rest_route=%2Fwp%2Fv2%2Fmedia&parent=1352"}],"curies":[{"name":"wp","href":"https:\/\/api.w.org\/{rel}","templated":true}]}}